hat is -182764 (base 9) in base 5?
-12113440
-158a3b (base 12) to base 5
-43232243
-427028 (base 9) to base 7
-2106554
Convert -100110101010100 (base 2) to base 6.
-231352
139483 (base 10) to base 4
202003123
Convert 11115122 (base 6) to base 14.
8aa4a
Convert 11246c5 (base 13) to base 7.
62516254
-1044024 (base 6) to base 2
-1100110111110000
Convert -65d92 (base 14) to base 4.
-330101230
Convert 95c76 (base 14) to base 11.
227a09
Convert -16d43 (base 14) to base 16.
-e08f
What is -5446932 (base 11) in base 13?
-1ca0a46
Convert -1f7da (base 16) to base 15.
-28341
Convert 20012021021222 (base 3) to base 6.
154322255
What is 1918821 (base 10) in base 13?
5224c8
What is -72ae0 (base 15) in base 12?
-1564a9
What is -3184846 (base 12) in base 11?
-5327a21
3042150 (base 7) to base 14
96597
What is -61592a (base 12) in base 9?
-2772107
What is 10200653 (base 7) in base 14?
1846d3
-848060 (base 9) to base 6
-14451430
Convert -11032021 (base 4) to base 12.
-10461
101546323 (base 7) to base 13
1314181
What is -512053 (base 6) in base 15?
-c096
Convert -192a020 (base 13) to base 5.
-4102410224
What is -3521524 (base 8) in base 5?
-221144231
Convert 361235 (base 7) to base 2.
1111111100001110
Convert 190651 (base 13) to base 6.
21253554
What is -4983 (base 15) in base 12?
-9080
Convert 97570 (base 14) to base 11.
230005
-3220010 (base 6) to base 13
-56c7c
10524655 (base 8) to base 11
1311807
Convert -46903a7 (base 11) to base 7.
-126366250
Convert 1011101111111101 (base 2) to base 16.
bbfd
What is 1d915e (base 16) in base 7?
22320304
Convert -121111102221101 (base 3) to base 12.
-2b29a47
What is -2803a6 (base 13) in base 4?
-3231033011
Convert -1001202002211 (base 3) to base 16.
-8a214
Convert -12320021144 (base 5) to base 4.
-321032131100
Convert 1000111011100010011100101 (base 2) to base 8.
107342345
14049266 (base 10) to base 9
28382865
Convert -315022015 (base 6) to base 10.
-5555099
Convert -31320013030 (base 4) to base 6.
-205545124
What is 2044707 (base 11) in base 9?
6708047
What is -1435445 (base 7) in base 4?
-233113220
-3770a7 (base 11) to base 9
-1106253
-329a61 (base 12) to base 6
-25131001
What is 3072104 (base 9) in base 8?
6206501
What is dd356 (base 14) in base 3?
1000012220101
What is 1a5201 (base 13) in base 6?
22153351
-1000012022100 (base 3) to base 13
-15986a
What is -109e9 (base 15) in base 14?
-153a5
977332 (base 10) to base 3
1211122122111
What is 32282c (base 13) in base 3?
2012210020122
What is 1c9a39 (base 16) in base 11?
1070371
-6422 (base 13) to base 2
-11011000111110
1223100302 (base 4) to base 6
13230002
Convert 182736 (base 15) to base 2.
100011110010100001111
-422a6 (base 11) to base 4
-33002100
74621 (base 9) to base 10
49348
3165513 (base 8) to base 4
3032231023
What is -175586 (base 12) in base 9?
-674373
Convert 7c1868 (base 16) to base 5.
4040221322
What is 10553502 (base 7) in base 3?
1201210011220
-3062152 (base 7) to base 12
-159051
What is 136402 (base 11) in base 12?
a3632
What is 322501 (base 9) in base 12?
93231
What is 1052ab6 (base 13) in base 11?
2899478
Convert 29212 (base 14) to base 4.
120320300
-c3467 (base 14) to base 8
-1626123
What is 146486 (base 10) in base 14?
3b554
Convert 11011011111101101010 (base 2) to base 7.
10441510
-1500041 (base 7) to base 2
-110001001111110001
What is 930050 (base 13) in base 5?
1334134020
What is 2222405 (base 6) in base 16?
1b5a5
What is 13c0b (base 16) in base 14?
216b1
What is 4216147 (base 8) in base 3?
2002222020201
What is 35b89b (base 14) in base 10?
1837441
Convert 323024420 (base 6) to base 2.
10101111001111011011100
What is -e5a5cb (base 16) in base 14?
-1ddaa95
Convert 277231 (base 8) to base 9.
158317
What is -52010 (base 13) in base 4?
-203330030
What is 65ddae (base 15) in base 8?
22415023
Convert -40112110 (base 5) to base 11.
-1a68a5
Convert cad6e (base 15) to base 13.
19733c
Convert 374271 (base 8) to base 2.
11111100010111001
Convert -3cd9c (base 15) to base 10.
-195447
What is -211021202211 (base 3) in base 9?
-737684
-476457 (base 12) to base 9
-2144484
Convert 21200304 (base 8) to base 3.
22111202021011
What is 84c894 (base 13) in base 8?
13676751
What is 1403241 (base 8) in base 7?
3233231
321886 (base 10) to base 8
1164536
What is 12054270 (base 9) in base 15?
7b2b4c
-8170e0 (base 16) to base 14
-11ab6b6
What is 1250704 (base 9) in base 5?
133323130
Convert -1344330240 (base 5) to base 14.
-6758c8
Convert -8a7529 (base 12) to base 2.
-1000011011110000110001
121ca1 (base 13) to base 9
728576
What is 71304 (base 13) in base 4?
301132023
What is -2835616 (base 10) in base 15?
-3b02b1
Convert 1020102000 (base 4) to base 5.
33433224
Convert 330232 (base 4) to base 16.
f2e
-e811 (base 15) to base 2
-1011111110101010
Convert 55250305 (base 6) to base 16.
194141
Convert -abbe (base 16) to base 9.
-66271
-1111011001011010111 (base 2) to base 8
-1731327
Convert 2728a4 (base 11) to base 8.
1504455
Convert 12406144 (base 7) to base 9.
2108544
What is -15545144 (base 6) in base 2?
-10001000010101011000
Convert 78012 (base 16) to base 14.
cb1bc
-1689699 (base 10) to base 2
-110011100100001100011
What is -13163020 (base 7) in base 10?
-1208746
-294083 (base 12) to base 4
-2220301203
-343685 (base 9) to base 2
-110010010100111101
-24871467 (base 9) to base 7
-205535656
What is -14316065 (base 7) in base 9?
-2475512
Convert 24010313 (base 5) to base 16.
35942
Convert -3ec54 (base 15) to base 13.
-70b91
What is -300220222 (base 4) in base 12?
-9734a
-1110111110011100011100 (base 2) to base 5
-2001111123
-311013120 (base 5) to base 8
-4651744
Convert -1268668 (base 9) to base 14.
-141553
Convert 202411103 (base 5) to base 4.
3021212302
What is -286dd (base 14) in base 7?
-564666
Convert -243a6 (base 11) to base 2.
-1000100100001101
What is -6a821 (base 13) in base 9?
-326080
Convert -3122c2 (base 13) to base 16.
-1181c2
153b9 (base 12) to base 6
350353
What is 1504245 (base 6) in base 7?
510122
Convert -16345803 (base 9) to base 5.
-4043214202
Convert -c7531 (base 14) to base 7.
-4042661
4750f (base 16) to base 14
78651
What is -20220222222222 (base 3) in base 15?
-4ca8b5
-1f8bd9 (base 16) to base 14
-3bb609
122321311 (base 5) to base 3
1002220220012
What is 49d409 (base 15) in base 8?
15375765
Convert 74733 (base 9) to base 2.
1100000100100000
1977060 (base 11) to base 12
114890a
-491990 (base 13) to base 6
-101231332
4077440 (base 8) to base 14
201dcc
1200001110020 (base 3) to base 2
11011000100000001010
-5761 (base 8) to base 15
-d8c
-845cb5 (base 14) to base 4
-101003322213
1020013212 (base 4) to base 14
7991c
-837339 (base 12) to base 10
-2065437
What is d46d3 (base 16) in base 15?
122c19
989d9 (base 15) to base 7
4056366
1512015 (base 7) to base 5
23023113
Convert -4b450c (base 13) to base 4.
-12321221130
Convert 1331221034 (base 5) to base 16.
339d74
-12220230200 (base 4) to base 15
-245652
What is -34403515 (base 6) in base 8?
-4023107
-26617616 (base 8) to base 7
-101521440
What is 6425444 (base 8) in base 10?
1714980
Convert 1001010011111010100110100 (base 2) to base 10.
19526964
What is -7ca5 (base 13) in base 11?
-121a8
What is -1846997 (base 10) in base 13?
-4c88c9
What is -110214442 (base 5) in base 14?
-c57b9
Convert -117621a (base 13) to base 3.
-101011221021121
Convert 16216360 (base 9) to base 3.
120020120102000
Convert 21374305 (base 8) to base 12.
16518b1
-42013441 (base 5) to base 12
-1476b3
What is 10082aa (base 11) in base 2?
110110011001100101011
Convert -111337b (base 12) to base 14.
-60c715
Convert -11b009 (base 12) to base 10.
-288585
Convert 80432 (base 14) to base 6.
10334352
-120595 (base 11) to base 9
-321048
35326546 (base 7) to base 11
1839472
Convert 1621211 (base 10) to base 13.
449bc7
Convert -30055 (base 12) to base 4.
-33031001
Convert 47a141 (base 15) to base 11.
1a2aa35
Convert -519836 (base 11) to base 5.
-203123012
Convert -584284 (base 12) to base 5.
-330323343
What is 212001311 (base 4) in base 14?
40aa1
-37135 (base 14) to base 2
-100000111000101011
-214612 (base 9) to base 10
-128072
-199415 (base 12) to base 15
-8dc1b
What is -2b546 (base 14) in base 8?
-323032
-160449 (base 12) to base 6
-12002533
1020024243 (base 5) to base 15
2ba818
What is 3243045 (base 6) in base 12?
79485
What is -358040 (base 9) in base 16?